9 = 4*b + 3*y - 125. Let n(a) = 11*a**2 - a - 2. Let t be n(-4). Let w = b + t. List the prime factors of w.
2, 61
Let h be (6/(-12))/(3/(-36)). Suppose 0 = -12*s + h*s - 810. Let c = s + 263. List the prime factors of c.
2
Let d = 57 + -48. Let u be 52*1/(6/d*-3). What are the prime factors of 5*9 + (-78)/u?
2, 3
Let v = 56 + 29. Let q = v - 83. List the prime factors of -2*7/(-8)*q*26.
7, 13
Suppose -25 = 5*p - h, -19 = 3*p + 3*h + 14. Suppose 54 = -4*n - 42. List the prime factors of (6 - n/p)/((-2)/(-167)).
167
Let x(k) = 50*k + 1142. Let s be x(0). Suppose 3*m - 5*m = w - s, 5*m - 5 = 0. List the prime factors of w.
2, 3, 5, 19
Let j(c) = c**3 - 3*c**2 + 9*c - 6. Let f(i) be the first derivative of i**2/2 - 11*i + 5. Let n be f(14). List the prime factors of j(n).
3, 7
Let j be ((-10)/(-15))/((-3)/36*-2). Suppose 0 = -j*s - 4*r + 12, -3*s = -2*s - 2*r - 15. Suppose -3*b = -s*b + 300. List the prime factors of b.
3, 5
Let s(j) = -17*j**3 + 15*j**2 - 26*j + 132. Let i(n) = 19*n**3 - 17*n**2 + 26*n - 131. Let q(y) = -5*i(y) - 6*s(y). What are the prime factors of q(5)?
743
Suppose 10*d - 14*d - 24 = 0. Let s(f) = -22*f - 39. List the prime factors of s(d).
3, 31
Let y = 72800 - 47480. List the prime factors of y.
2, 3, 5, 211
What are the prime factors of ((-585)/(-18))/5*(2 + 2426)?
2, 13, 607
Let d = 83351 + -47362. What are the prime factors of d?
17, 29, 73
Suppose 0 = 3*r - 15, -3*r - 43 = 5*c - 553. Let v = -865 - -1108. Let o = v - c. List the prime factors of o.
2, 3
Let c = 39355 + 1409. What are the prime factors of c?
2, 3, 43, 79
Let k(d) = 5*d - 56. Let j = 125 - 109. Let y be k(j). Suppose -h - 154 = -3*i + y, 3*i - 4*h = 190. What are the prime factors of i?
2, 29
Suppose 1862 - 13384 = -4*o + 2*s, 5 = -5*s. List the prime factors of o.
2, 3, 5
Let n(z) = 19*z - 20. Let l = -153 - -54. Let p = -89 - l. What are the prime factors of n(p)?
2, 5, 17
Suppose -5*h + 7 = -3*o - 0*o, -5*o = 3*h - 11. Let g be 6 + h*(-3)/6. Let x(u) = u**2 + 5*u + 7. List the prime factors of x(g).
3, 19
Suppose 21*o = 244693 + 175307. List the prime factors of o.
2, 5
Suppose -5*z = -207 - 443. Let v = 99 + -42. Let o = z - v. List the prime factors of o.
73
Let m = -38658 + 56172. What are the prime factors of m?
2, 3, 7, 139
Let m(d) = -245*d - 19. Let s be m(-3). Suppose 2*p = -5*l + 924, -3*l - 167 = 3*p - s. List the prime factors of l.
2, 3, 31
Suppose 0 = -2*g + 4*g. Suppose g = 5*m + 5*q, 0 = 3*m + m - 2*q. Suppose m = -2*b - 4*i + 284, 210 = 3*b + i - 221. What are the prime factors of b?
2, 3
Let b = -3757 - -7747. Let n be b/36 - 2/(-12). Let u = 333 - n. What are the prime factors of u?
2, 3, 37
Let x = 292 + -92. Let u = x - -709. List the prime factors of u.
3, 101
Suppose -7*q + 142442 = 60*q. List the prime factors of q.
2, 1063
Let b(g) be the first derivative of -189*g**4/2 + 2*g**3/3 + 2*g**2 + 3*g - 15. Let x be b(-1). Let a = x + -155. List the prime factors of a.
2, 7
Let d be (-1)/((-4)/76) + -3 + 7. Suppose -2*y + 466 = -4*o, -5*o - 3 = -d. List the prime factors of y.
241
Suppose 2*g = -3*j + 100, -2*j - 2*j = g - 130. Let n = -216 + 222. Let o = n + j. List the prime factors of o.
2, 19
Suppose 311*y - 135 = 306*y. Let i(q) = q**3 - 20*q**2 - 114*q - 59. List the prime factors of i(y).
2, 983
Let c be (-2)/(-4 + 628/158). Suppose c*f - 75*f = 64. What are the prime factors of f?
2
Suppose r = -d - 49, -3*r = 22 - 7. Let a = d + 102. List the prime factors of a.
2, 29
Suppose -4*z = 4*c, -5*c - z + 1 = -3. Let f(h) = 1259*h + 5. Let u be f(c). What are the prime factors of 12/(-54) - u/(-18)?
2, 5, 7
Let b(k) = -585*k + 180. What are the prime factors of b(-7)?
3, 5, 19
Let r(w) = -12*w**3 + 7*w**2 + 62*w + 6. List the prime factors of r(-7).
29, 139
Let n(u) = 3*u**2 + 80*u + 1355. List the prime factors of n(65).
2, 3, 5, 641
Let l = -54157 - -77605. List the prime factors of l.
2, 3, 977
Let c(z) = 32*z + 63*z**2 - 26*z**2 + 2*z - 31*z**2 + 9. What are the prime factors of c(-9)?
3, 7
Let x = -1 - -26. Let g = x - 74. What are the prime factors of 0 - g*(-3)/(-3)?
7
Let n = 4468 + -3121. What are the prime factors of n?
3, 449
Suppose -21*l + 602173 = 7*l - 156431. List the prime factors of l.
3, 11, 821
Let m = -4170 + 5524. List the prime factors of m.
2, 677
Suppose 103 = -2*k + 977. Suppose 436*l + 479 = k*l. List the prime factors of l.
479
Let j(y) = 12639*y**2 + 128*y + 242. What are the prime factors of j(-2)?
2, 37, 683
Let u(n) = 1941*n**2 - 41*n - 5. List the prime factors of u(-2).
7841
Suppose -19*x = -18*x - j - 1764, -5264 = -3*x - 4*j. List the prime factors of x.
2, 5, 11
Let h = 1620 + -974. Suppose 2*r + 5*v - 4*v = h, -4*r + 5*v + 1306 = 0. What are the prime factors of r?
2, 3
Let r = 4269 + -2991. What are the prime factors of r?
2, 3, 71
List the prime factors of (298 - 290) + 9*1765.
23, 691
Suppose 6*a - 330 = -318. Let r(z) = 27*z**2 - 3. List the prime factors of r(a).
3, 5, 7
Let s(m) = m - 2. Suppose 4*h = -3*z - 31, h = 3*z - 6 + 17. Let w(a) = 7*a - 7. Let q(k) = z*s(k) + w(k). What are the prime factors of q(11)?
5
Let x be (-16)/(-20) + 364/20 + -1. What are the prime factors of ((-248)/16)/((-3)/x)?
3, 31
Suppose 0 = -8*b - 3 + 3. Suppose -2*t = -4*f - 7*t + 13, b = -t + 1. Suppose -3 = f*q - 13. What are the prime factors of q?
5
List the prime factors of 0 + -1 + -6 + 1 + 28292479/571.
13, 37, 103
Suppose -25*q + 234118 = 4*q + 9*q. List the prime factors of q.
61, 101
Suppose 0 = 4*w + 5*w + 117. Let p(x) = -x**2 - 15*x - 21. Let j be p(w). List the prime factors of -166*(-3)/6 + j.
2, 11
Suppose -3*f + 945 = 2*f. Suppose 5*b = x + 897, -x + f = b + 2*x. Suppose -5*k - 2*u + b = -k, -133 = -3*k - 2*u. List the prime factors of k.
47
Let j(x) = -377*x - 257. Let s be j(-11). Suppose s*l + 9930 = 3896*l. What are the prime factors of l?
5, 331
Let y(j) = j**3 + 8*j**2 + 9*j - 3. Let w be y(-5). Suppose w*z = 22*z + 1660. What are the prime factors of z?
2, 83
Let j = 0 - -19. Let o = -17 + j. What are the prime factors of ((-10)/(-20))/(o/584)?
2, 73
What are the prime factors of (25 + 5424/(-240))*(-1 + (-18212)/(-2))?
2, 3, 607
Suppose 2*l + 3*l = 5, 3*u - 7 = 5*l. Let g(q) = 9*q**2 - 8*q - 9. List the prime factors of g(u).
103
Let t be (171/(-285))/(-2*2/(-20)). List the prime factors of (-2)/t + (-1174)/(-3).
2, 7
Let i = 39063 + -26811. List the prime factors of i.
2, 3, 1021
Let x(p) = 6*p - 50. Let f be x(8). Let s be 4 - f - (0 - -3). Suppose -377 = -3*t - w, 114 = -s*t + 4*t - 2*w. What are the prime factors of t?
2, 31
Suppose 6*z + 90 = 9*z. Suppose -2*l + 5*b + z = 0, -l + 5 = -3*b - 12. Suppose -5*h + l*o = -60, -h + 0*h + 9 = -2*o. What are the prime factors of h?
3, 5
Let j(v) be the first derivative of 77*v**6/180 + v**4/12 - 17*v**3/3 + 13. Let b(s) be the third derivative of j(s). List the prime factors of b(1).
2, 3, 13
Let t be (-1)/((-3)/(-6))*-1. Suppose 3*r - t*l = 471, 3*l = -4*r + 8*l + 635. List the prime factors of r.
5, 31
Suppose -564 - 4210 = -62*u. Let f(k) = k**2 + k + 2. Let g be f(5). Let z = u - g. What are the prime factors of z?
3, 5
Suppose 0 = l - d - 0*d - 9, 4*d = -2*l - 12. Suppose 7*n - 3*n = -l, 3*i = 4*n + 5125. List the prime factors of i.
3, 569
What are the prime factors of ((-1629)/(-6) + 3)/((-16)/((-4160)/39))?
2, 3, 5, 61
Let t be 0/(-3) + -4 + -1 + 2. What are the prime factors of t - -9 - (-378)/1?
2, 3
Suppose w = 3*w + 82. Let b = w + 45. Suppose -4*z + 4*s = -32, -z + 32 = 3*z + b*s. List the prime factors of z.
2
Suppose -a + 14*a = -65. Let m(j) = -62*j + 10. List the prime factors of m(a).
2, 5
What are the prime factors of (3 + -3 + 2)*(-2)/(-12)*5877?
3, 653
Suppose -30*f + 21649 + 7791 = -331400. List the prime factors of f.
2, 31, 97
Let l = -725 + 1696. Suppose -l = 9*k - 11033. List the prime factors of k.
2, 13, 43
Let r = -479 + 465. What are the prime factors of 35254/30 - 1 - r/(-105)?
2, 587
Suppose p + 4*j - 11 - 21 = 0, -4*j = 3*p - 112. Suppose -p*v - 776 = -44*v. What are the prime factors of v?
2, 97
Let r be (2 + (-32)/10)/(5/25). Let o(m) = -9*m + 33. Let z be o(r). Suppose 0 = -4*j - z + 347. List the prime factors of j.
5, 13
Let n = 70674 + -46138. What are the prime factors of n?
2, 3067
Suppose 22*c =